le of 42?
False
Is 127 a factor of 3175?
True
Is 264 a multiple of 7?
False
Is 12 a factor of 276?
True
Is 2 a factor of 223?
False
Is 41 a factor of 12833?
True
Is 767 a multiple of 102?
False
Is 5754 a multiple of 32?
False
Is 13 a factor of 2409?
False
Is 8185 a multiple of 6?
False
Is 1926 a multiple of 6?
True
Is 4 a factor of 93?
False
Is 17244 a multiple of 36?
True
Does 23 divide 7912?
True
Is 1600 a multiple of 14?
False
Is 3642 a multiple of 96?
False
Is 2 a factor of 6706?
True
Does 9 divide 16163?
False
Is 15 a factor of 555?
True
Is 2 a factor of 7924?
True
Is 15437 a multiple of 7?
False
Is 23218 a multiple of 47?
True
Is 141 a multiple of 40?
False
Does 81 divide 29894?
False
Does 6 divide 13236?
True
Is 10 a factor of 65680?
True
Does 17 divide 36380?
True
Is 22 a factor of 15268?
True
Is 6 a factor of 23502?
True
Does 8 divide 1829?
False
Does 4 divide 1700?
True
Does 29 divide 133?
False
Is 2736 a multiple of 57?
True
Is 46993 a multiple of 104?
False
Does 7 divide 189?
True
Is 16 a factor of 52398?
False
Does 277 divide 44874?
True
Is 1141 a multiple of 19?
False
Is 15217 a multiple of 7?
False
Does 9 divide 2700?
True
Is 18 a factor of 1962?
True
Is 5383 a multiple of 7?
True
Does 13 divide 299?
True
Does 9 divide 7639?
False
Is 13 a factor of 6981?
True
Does 153 divide 6555?
False
Is 15955 a multiple of 86?
False
Is 5042 a multiple of 4?
False
Does 53 divide 3710?
True
Is 120 a factor of 17630?
False
Is 752 a multiple of 16?
True
Is 154 a multiple of 4?
False
Is 8220 a multiple of 30?
True
Is 1107 a multiple of 25?
False
Is 2565 a multiple of 15?
True
Is 320 a multiple of 31?
False
Is 328 a multiple of 8?
True
Is 16 a factor of 9206?
False
Does 72 divide 774?
False
Is 5775 a multiple of 15?
True
Does 15 divide 855?
True
Does 13 divide 686?
False
Is 488 a multiple of 8?
True
Is 16 a factor of 305?
False
Is 34596 a multiple of 36?
True
Does 55 divide 19393?
False
Does 88 divide 7040?
True
Is 6 a factor of 186?
True
Is 27 a factor of 3078?
True
Is 16 a factor of 26475?
False
Is 116 a factor of 468?
False
Is 310 a factor of 51138?
False
Does 71 divide 1113?
False
Does 15 divide 120?
True
Is 2386 a multiple of 47?
False
Is 94 a factor of 40471?
False
Is 48 a factor of 9335?
False
Does 25 divide 43714?
False
Is 9570 a multiple of 58?
True
Is 34 a factor of 18136?
False
Is 112 a factor of 678?
False
Does 73 divide 93221?
True
Is 90309 a multiple of 42?
False
Is 18 a factor of 1134?
True
Is 3 a factor of 58?
False
Is 76 a factor of 3788?
False
Does 19 divide 266?
True
Is 11 a factor of 1144?
True
Is 84 a multiple of 7?
True
Is 938 a multiple of 7?
True
Is 103 a factor of 77456?
True
Does 9 divide 27?
True
Is 57113 a multiple of 99?
False
Is 626 a multiple of 9?
False
Is 81696 a multiple of 23?
True
Is 6008 a multiple of 46?
False
Is 576 a multiple of 12?
True
Does 86 divide 5246?
True
Does 11 divide 738?
False
Does 9 divide 2438?
False
Is 59 a factor of 79532?
True
Is 2531 a multiple of 120?
False
Is 5 a factor of 2351?
False
Is 650 a multiple of 130?
True
Is 4 a factor of 167?
False
Is 14724 a multiple of 12?
True
Is 54150 a multiple of 15?
True
Is 15 a factor of 26?
False
Is 5 a factor of 7434?
False
Does 12 divide 14623?
False
Does 382 divide 32466?
False
Is 3 a factor of 57?
True
Does 34 divide 1102?
False
Is 43 a factor of 168?
False
Is 60763 a multiple of 133?
False
Is 488 a multiple of 6?
False
Does 4 divide 134?
False
Does 15 divide 733?
False
Does 36 divide 1048?
False
Is 2464 a multiple of 92?
False
Is 20 a factor of 344?
False
Is 60653 a multiple of 47?
False
Does 17 divide 69683?
True
Is 1118 a multiple of 6?
False
Is 79 a multiple of 34?
False
Is 9400 a multiple of 81?
False
Does 3 divide 1010?
False
Is 14467 a multiple of 22?
False
Is 13455 a multiple of 15?
True
Is 397 a multiple of 7?
False
Does 115 divide 5980?
True
Is 5320 a multiple of 10?
True
Is 3458 a multiple of 19?
True
Does 11 divide 18354?
False
Is 13 a factor of 20280?
True
Is 110470 a multiple of 110?
False
Does 20 divide 31646?
False
Is 38 a multiple of 4?
False
Does 31 divide 367?
False
Is 15224 a multiple of 170?
False
Does 28 divide 991?
False
Is 242 a multiple of 11?
True
Does 16 divide 4384?
True
Is 9 a factor of 10929?
False
Is 19516 a multiple of 82?
True
Is 4560 a multiple of 8?
True
Does 84 divide 9638?
False
Does 35 divide 57260?
True
Is 3 a factor of 72?
True
Is 5873 a multiple of 20?
False
Is 17 a factor of 3374?
False
Does 17 divide 17782?
True
Is 32 a factor of 7868?
False
Is 9 a factor of 38763?
True
Is 11 a factor of 220?
True
Is 19 a factor of 918?
False
Is 77376 a multiple of 186?
True
Is 24167 a multiple of 13?
True
Is 12484 a multiple of 14?
False
Is 41 a factor of 1599?
True
Does 30 divide 4195?
False
Does 53 divide 16748?
True
Does 6 divide 252?
True
Is 2121 a multiple of 52?
False
Is 7 a factor of 50828?
False
Does 2 divide 328?
True
Does 95 divide 6175?
True
Is 13 a factor of 21972?
False
Is 9 a factor of 260?
False
Is 15215 a multiple of 5?
True
Does 83 divide 1956?
False
Does 11 divide 30974?
False
Is 7866 a multiple of 40?
False
Does 10 divide 1936?
False
Is 4 a factor of 404?
True
Does 8 divide 494?
False
Is 2952 a multiple of 3?
True
Is 13 a factor of 551?
False
Does 15 divide 20897?
False
Is 1309 a multiple of 77?
True
Is 280 a multiple of 5?
True
Does 33 divide 5610?
True
Does 20 divide 464?
False
Is 30 a factor of 1080?
True
Is 2347 a multiple of 69?
False
Is 20 a factor of 5560?
True
Is 564 a multiple of 47?
True
Is 14 a factor of 308?
True
Does 14 divide 905?
False
Is 1404 a multiple of 78?
True
Is 12 a factor of 32468?
False
Is 5974 a multiple of 29?
True
Is 5 a factor of 108?
False
Does 27 divide 411?
False
Is 335 a multiple of 3?
False
Does 14 divide 16819?
False
Does 2 divide 850?
True
Does 72 divide 3754?
False
Does 23 divide 322?
True
Is 23536 a multiple of 22?
False
Is 6870 a multiple of 5?
True
Is 801 a multiple of 9?
True
Does 15 divide 3495?
True
Does 40 divide 14997?
False
Is 526 a multiple of 27?
False
Is 3352 a multiple of 8?
True
Does 17 divide 33693?
False
Does 20 divide 16600?
True
Is 2916 a multiple of 18?
True
Does 31 divide 6510?
True
Is 88 a factor of 4276?
False
Is 28 a factor of 12456?
False
Is 41 a factor of 1378?
False
Does 118 divide 3697?
False
Does 7 divide 905?
False
Is 6058 a multiple of 13?
True
Is 161 a multiple of 2?
False
Is 1640 a multiple of 8?
True
Is 7 a factor of 8358?
True
Is 2739 a multiple of 18?
False
Does 14 divide 2849?
False
Is 8 a factor of 1036?
False
Does 13 divide 28111?
False
Is 10 a factor of 125?
False
Does 25 divide 3702?
False
Is 42 a factor of 3360?
True
Does 31 divide 1581?
True
Is 4410 a multiple of 6?
True
Is 53 a factor of 5633?
False
Is 332 a multiple of 3?
False
Is 59 a factor of 314?
False
Is 9 a factor of 3061?
False
Is 1193 a multiple of 22?
False
Does 33 divide 10923?
True
Is 539 a multiple of 49?
True
Does 30 divide 7420?
False
Is 857 a multiple of 2?
False
Is 14 a factor of 574?
True
Does 7 divide 130?
False
Does 15 divide 1098?
False
Is 32 a factor of 5357?
False
Is 7452 a multiple of 9?
True
Is 126315 a multiple of 147?
False
Does 12 divide 6882?
False
Is 825 a multiple of 11?
True
Is 280 a multiple of 17?
False
Does 12 divide 26179?
False
Is 75 a factor of 4280?
False
Is 5 a factor of 157?
False
Is 69 a factor of 62583?
True
Does 6 divide 22884?
True
Is 3249 a multiple of 11?
False
Does 25 divide 325?
True
Does 12 divide 16176?
True
Is 952 a multiple of 28?
True
Is 11 a factor of 5687?
True
Does 3 divide 51?
True
Is 9120 a multiple of 95?
True
Is 7 a factor of 10723?
False
Is 4377 a multiple of 13?
False
Is 1348 a multiple of 66?
False
Is 163 a multiple of 13?
False
Is 27 a factor of 979?
False
Is 2820 a multiple of 188?
True
Is 14 a factor of 13577?
False
Is 3 a factor of 116?
False
Is 10983 a multiple of 18?
False
Is 572 a multiple of 44?
True
Is 3268 a multiple of 38?
True
Is 72 a factor of 2592?
True
Does 21 divide 219?
False
Is 23 a factor of 400?
False
Is 6686 a multiple of 18?
False
Does 3 divide 6853?
False
Is 8856 a multiple of 72?
True
Is 1592 a multiple of 13?
False
Is 1162 a multiple of 14?
True
Is 58 a factor of 5568?
True
Is 33 a multiple of 22?
False
Is 1391 a multiple of 32?
False
Is 29580 a multiple of 145?
True
Is 4608 a multip